). Let n = z - -184. Let y = n - 162. What is the highest common divisor of y and 9?
9
Suppose -11*f = f - 912. Calculate the highest common divisor of f and 19.
19
Suppose -140 = -6*b + 124. Let u = 6 - 2. Suppose -x + 60 = -u*w - 62, 4*x - 4*w = 452. What is the highest common factor of b and x?
22
Suppose 8*l - 7*l - 60 = 0. Calculate the highest common factor of l and 90.
30
Let w = -37 + 88. What is the highest common divisor of w and 357?
51
Suppose n = -4*n + 20. Suppose 16 - n = 4*p, -4*p + 771 = 3*l. Calculate the greatest common divisor of 23 and l.
23
Let x be ((-2)/1)/(4/(-30)). Let f = 13 + -13. Suppose -3*l + f*l + 180 = 0. What is the greatest common factor of x and l?
15
Let i = 47 + -28. What is the highest common factor of 57 and i?
19
Suppose 0*d + d - 96 = 0. Suppose 2*i = -2*i - 12. Let h(f) = f**2 + 3. Let c be h(i). What is the highest common divisor of d and c?
12
Suppose 0 = -4*p + 2*c + 46, 64 = 5*p + 5*c - 16. What is the greatest common divisor of 26 and p?
13
Let q(t) = t**3 + t**2 - t + 45. Let z = 4 + -4. Let r be q(z). What is the greatest common divisor of r and 9?
9
Let g(q) = q**2 + 2*q - 12. Let v be g(-6). What is the highest common factor of 96 and v?
12
Let f be 1/10*-78*-5. Calculate the highest common factor of 39 and f.
39
Let m(s) = 78*s - 2. Let l be m(2). What is the greatest common factor of 22 and l?
22
Suppose 0 = -7*n + 430 - 129. What is the highest common divisor of n and 301?
43
Suppose 4*k = 5*l - k - 35, -5*l + 51 = -k. Suppose 0 = b - 2*r + 1 - 120, 486 = 4*b + 2*r. Calculate the greatest common divisor of b and l.
11
Let a be (1/(-3))/(3/(-63)). What is the highest common factor of 7 and a?
7
Let r = 62 + -28. What is the greatest common divisor of 17 and r?
17
Suppose -y + 0*y = 0. Suppose 3*k - 61 - 128 = y. What is the highest common factor of k and 9?
9
Let h = -67 - -161. Suppose 21 + 123 = 4*c - 4*z, 0 = -3*c - 4*z + h. Suppose -2*s - c = -4*s. Calculate the greatest common factor of 170 and s.
17
Let c = 52 - 43. What is the highest common factor of 12 and c?
3
Let l = 13 + -10. Suppose -4*b - 96 = -p, -l*p + 243 = 4*b - b. Calculate the highest common factor of p and 21.
21
Let n be 1 + (1 + 2 - 1). Suppose r + 98 = n*r. Calculate the highest common divisor of r and 7.
7
Let v = 88 + -60. Calculate the highest common factor of v and 70.
14
Let v = -10 + 21. Let i be (-21)/(-14) - 57/(-6). Calculate the highest common factor of v and i.
11
Let n(x) = -41*x. Let g be n(-1). Suppose 3*q = g + 22. What is the greatest common factor of q and 3?
3
Let x(m) = -m**2 - 5*m + 2. Let g be x(-7). Let q be (g + 4)*(-22)/4. Calculate the greatest common divisor of 22 and q.
22
Let r be (-10)/(6/(-2) - -2). Let d(m) = 69*m**2 - 2*m - 1. Let a be d(-1). What is the highest common divisor of r and a?
10
Suppose 0 = n + 4*n, 3*n = -3*q + 66. Calculate the greatest common factor of 22 and q.
22
Suppose -9*g - 644 = -23*g. What is the greatest common divisor of 115 and g?
23
Let w(f) = -30*f**3 - f**2 - 2*f - 1. Let d be w(-1). Let y be 0 - (4 - 3) - -13. What is the greatest common divisor of y and d?
6
Let k = -3 - -6. Let y be (-35)/(1 + k/(-2)). Calculate the greatest common factor of y and 14.
14
Let k(f) = -f. Let y be k(3). Let n be 10/15 - 22/y. Suppose -4*b - b + 2*w = -290, 2*b + 5*w = 87. What is the highest common divisor of b and n?
8
Let i = 54 + -26. Let z = 165 - 53. Calculate the greatest common divisor of i and z.
28
Let q(k) = -2*k - 7. Let a(y) = 3*y + 13. Let o(m) = 3*a(m) + 5*q(m). Let b be o(-3). Calculate the greatest common factor of 35 and b.
7
Suppose -16 = -l - l. Let t be (-13 - -1)/(24/(-80)). Calculate the highest common factor of t and l.
8
Suppose 0 = -5*p + 11 + 19. What is the greatest common factor of p and 12?
6
Let g = -3 + 17. Let h be (-70)/3*(-6)/4. Calculate the highest common factor of h and g.
7
Suppose -o = k - 177, -7*o + 3*o + 3*k = -694. Suppose -4*i + 185 = -o. Calculate the highest common factor of i and 36.
18
Suppose -l + 96 = l. Calculate the highest common factor of l and 24.
24
Let l(x) = -x**2 + 10. Let g be l(0). Let q be 30/21*(-35)/(-5). What is the greatest common factor of g and q?
10
Suppose 104 = -0*a + a + 4*c, 463 = 5*a + c. Suppose 3*s = 43 + a. Calculate the greatest common factor of s and 5.
5
Let v be -11 - (0/1 - -3). Let q = v + 25. Let t(c) = -99*c**3 + c**2 - 1. Let f be t(-1). What is the greatest common factor of f and q?
11
Let z be (-330)/(-27) + 6/(-27). Calculate the highest common divisor of 108 and z.
12
Suppose 0 = -6*u + 7*u - 26. What is the highest common factor of u and 182?
26
Let r be 26 + 0/((-3)/(-3)). Let b = 38 - r. What is the highest common divisor of 36 and b?
12
Suppose 3*g = 5*m + 40 - 8, m + 1 = 0. Let h(i) = -i**3 - 5*i**2 - 2*i + 4. Let l be h(-5). Let w = -5 + l. What is the highest common divisor of w and g?
9
Let i be (10/(-4))/((-8)/160). Suppose -i = -2*p - 14. Calculate the highest common factor of p and 144.
18
Let k(w) = -w**2 + 3*w - 1. Let b be k(2). Let l be -6*b*4/(-12). Let y be ((-1)/(-3))/(l/6). What is the greatest common divisor of 1 and y?
1
Let c = -2 + 4. Suppose c*x = 3*x - 8. Calculate the highest common divisor of 20 and x.
4
Let j = 0 - -9. What is the greatest common factor of j and 9?
9
Let y(i) = i - 2. Let j be y(7). Suppose -j*r + r = -20. Calculate the greatest common factor of 5 and r.
5
Suppose 3*u = 8*u - 360. Calculate the highest common divisor of u and 9.
9
Let j = -11 - -19. Suppose 0*f = -4*f + 64. What is the highest common factor of f and j?
8
Let g = 17 + -17. Suppose 2*w - n - 15 = 4*n, -4 = -4*n. Suppose k - w + 0 = g. What is the greatest common factor of k and 90?
10
Let g = 55 + -3. Calculate the highest common divisor of g and 78.
26
Suppose -33 = -2*q - 1. Let p be (1 - 1) + (-434)/(-2). Let l = -137 + p. What is the highest common divisor of q and l?
16
Let b be (-10)/(-50) + 24/5. Suppose 0 = -v + b - 3. What is the greatest common factor of 8 and v?
2
Suppose -3*u - 4*m = -236, -u + 27 = -m - 54. Calculate the greatest common divisor of u and 64.
16
Let h = -216 - -384. Calculate the highest common factor of 24 and h.
24
Let r(g) be the second derivative of -g**3/6 + 5*g**2/2 - 3*g. Let s be r(6). Let h = 31 + s. What is the greatest common factor of h and 6?
6
Let d be 153/((30/4)/(-5)). Let m = -54 - d. What is the highest common factor of m and 32?
16
Let t be (-2 - 3)/(-5)*5. What is the greatest common divisor of 20 and t?
5
Suppose -2*f = 2*u - 48, -4*f + 0*u = -3*u - 75. Suppose -4*y + 26 = 2*i, y + 5 - f = -i. Let k = -61 - -194. What is the greatest common factor of i and k?
19
Let v(n) = -n + 3. Let b be v(0). Suppose 2*y - 3 - 36 = -3*o, -b*o = -2*y - 27. Let l = -1 + 23. Calculate the greatest common factor of l and o.
11
Suppose 2*s + 3*i = 72, -5*s = -0*i + 5*i - 185. Calculate the highest common factor of s and 26.
13
Let c(n) = 6*n**2 + 4*n + 23. Let i be c(-3). What is the highest common factor of i and 26?
13
Let z(c) = c - 5. Let l be z(6). Let u be ((-9)/(-2))/(1/(-2)). Let o be (-2)/(-6) + (-96)/u. Calculate the highest common divisor of o and l.
1
Let p be 1*(0 - -1) + -1. Let s(r) be the second derivative of r**3/6 + 10*r**2 - 6*r. Let y be s(p). What is the greatest common factor of y and 160?
20
Let b = -4 + 166. Let p = 28 - 10. What is the greatest common factor of b and p?
18
Let s(d) = d**2 + d + 16. Let o be s(0). Let i be (-1)/(130/(-128) + 1). What is the highest common divisor of i and o?
16
Let l be (-294)/(-4)*2/1. Suppose 0*c = -c + 12. Let b be c*-14*3/(-24). What is the highest common divisor of l and b?
21
Let g be (-1)/3*(0 + -57). Let r be (-3)/1 + (-3 - -44). What is the highest common divisor of r and g?
19
Let n = 21 + 72. Calculate the highest common factor of n and 31.
31
Suppose -4*c + 132 = -0*c. Suppose 5*s + 5*t + 13 = c, 3*t = 0. Suppose a = -s*z + 244, -3*z + 252 = z + 3*a. Calculate the greatest common factor of z and 15.
15
Let s be 4/(-18) - (-1232)/198. What is the highest common divisor of 15 and s?
3
Let x be 1/((-2)/(-4))*(-1 - -46). What is the highest common factor of x and 10?
10
Suppose -2*y - 5*q = -21, 5*y + q - 66 = 2*q. What is the highest common divisor of 117 and y?
13
Suppose 0 